{"id":314,"date":"2024-09-12T20:58:58","date_gmt":"2024-09-12T20:58:58","guid":{"rendered":"https:\/\/robot.com.hr\/?page_id=314"},"modified":"2026-04-22T06:18:41","modified_gmt":"2026-04-22T06:18:41","slug":"multimedija-3-razred-izborni-predmet","status":"publish","type":"page","link":"https:\/\/robot.com.hr\/","title":{"rendered":"Tehni\u010dar za ra\u010dunalstvo &#8211; objave doma\u0107ih radova"},"content":{"rendered":"\t\t<div data-elementor-type=\"wp-page\" data-elementor-id=\"314\" class=\"elementor elementor-314\">\n\t\t\t\t\t\t<section class=\"elementor-section elementor-top-section elementor-element elementor-element-a621a81 elementor-section-boxed elementor-section-height-default elementor-section-height-default\" data-id=\"a621a81\" data-element_type=\"section\" data-e-type=\"section\">\n\t\t\t\t\t\t<div class=\"elementor-container elementor-column-gap-default\">\n\t\t\t\t\t<div class=\"elementor-column elementor-col-100 elementor-top-column elementor-element elementor-element-19d11fb\" data-id=\"19d11fb\" data-element_type=\"column\" data-e-type=\"column\">\n\t\t\t<div class=\"elementor-widget-wrap elementor-element-populated\">\n\t\t\t\t\t\t<div class=\"elementor-element elementor-element-fbcdfa2 elementor-widget elementor-widget-image\" data-id=\"fbcdfa2\" data-element_type=\"widget\" data-e-type=\"widget\" data-widget_type=\"image.default\">\n\t\t\t\t<div class=\"elementor-widget-container\">\n\t\t\t\t\t\t\t\t\t\t\t\t\t\t\t<img fetchpriority=\"high\" decoding=\"async\" width=\"700\" height=\"511\" src=\"https:\/\/robot.com.hr\/wp-content\/uploads\/2026\/04\/26_04_16_MK2-1024x748.png\" class=\"attachment-large size-large wp-image-1203\" alt=\"\" srcset=\"https:\/\/robot.com.hr\/wp-content\/uploads\/2026\/04\/26_04_16_MK2-1024x748.png 1024w, https:\/\/robot.com.hr\/wp-content\/uploads\/2026\/04\/26_04_16_MK2-300x219.png 300w, https:\/\/robot.com.hr\/wp-content\/uploads\/2026\/04\/26_04_16_MK2-768x561.png 768w, https:\/\/robot.com.hr\/wp-content\/uploads\/2026\/04\/26_04_16_MK2.png 1200w\" sizes=\"(max-width: 700px) 100vw, 700px\" \/>\t\t\t\t\t\t\t\t\t\t\t\t\t\t\t<\/div>\n\t\t\t\t<\/div>\n\t\t\t\t\t<\/div>\n\t\t<\/div>\n\t\t\t\t\t<\/div>\n\t\t<\/section>\n\t\t\t\t<\/div>\n\t\t","protected":false},"excerpt":{"rendered":"","protected":false},"author":1,"featured_media":0,"parent":0,"menu_order":0,"comment_status":"closed","ping_status":"closed","template":"","meta":{"footnotes":""},"class_list":["post-314","page","type-page","status-publish","hentry"],"_links":{"self":[{"href":"https:\/\/robot.com.hr\/index.php?rest_route=\/wp\/v2\/pages\/314","targetHints":{"allow":["GET"]}}],"collection":[{"href":"https:\/\/robot.com.hr\/index.php?rest_route=\/wp\/v2\/pages"}],"about":[{"href":"https:\/\/robot.com.hr\/index.php?rest_route=\/wp\/v2\/types\/page"}],"author":[{"embeddable":true,"href":"https:\/\/robot.com.hr\/index.php?rest_route=\/wp\/v2\/users\/1"}],"replies":[{"embeddable":true,"href":"https:\/\/robot.com.hr\/index.php?rest_route=%2Fwp%2Fv2%2Fcomments&post=314"}],"version-history":[{"count":10,"href":"https:\/\/robot.com.hr\/index.php?rest_route=\/wp\/v2\/pages\/314\/revisions"}],"predecessor-version":[{"id":1277,"href":"https:\/\/robot.com.hr\/index.php?rest_route=\/wp\/v2\/pages\/314\/revisions\/1277"}],"wp:attachment":[{"href":"https:\/\/robot.com.hr\/index.php?rest_route=%2Fwp%2Fv2%2Fmedia&parent=314"}],"curies":[{"name":"wp","href":"https:\/\/api.w.org\/{rel}","templated":true}]}}